{"id":30,"date":"2018-11-14T18:45:36","date_gmt":"2018-11-14T17:45:36","guid":{"rendered":"http:\/\/www.kh-media.ch\/wordpress\/?page_id=30"},"modified":"2024-08-19T10:23:33","modified_gmt":"2024-08-19T08:23:33","slug":"presse","status":"publish","type":"page","link":"https:\/\/www.kh-media.ch\/wordpress\/presse\/","title":{"rendered":"Presse"},"content":{"rendered":"<p><strong><span style=\"color: #8c3300;\">PRESSE<\/span><\/strong><\/p>\n<div>\n<p>Alle Facetten des Lebens sp\u00fcren. Eintauchen in verschiedene Welten. Spannende Stationen in meinem Leben haben viele Texte hervorgebracht. Momente, festgehalten in Worte, verarbeitet in Artikel, Reportagen, Portr\u00e4ts.<\/p>\n<p><strong>Graub\u00fcnden Exclusiv 2024<br \/>\n<\/strong><a href=\"http:\/\/www.kh-media.ch\/wordpress\/wp-content\/uploads\/2024\/07\/GREX_69_HRGiger.pdf\" target=\"_blank\" rel=\"noopener\">Das Giger Jahr in Chur &#8211; Hans Ruedi Giger<\/a><br \/>\n<a href=\"http:\/\/www.kh-media.ch\/wordpress\/wp-content\/uploads\/2024\/07\/GREX_69_WeisserTurm.pdf\" target=\"_blank\" rel=\"noopener\">Origen &#8211; Der Weisse Turm<\/a><\/p>\n<p><strong>Graub\u00fcnden Exclusiv 2023<\/strong><br \/>\n<a href=\"http:\/\/www.kh-media.ch\/wordpress\/wp-content\/uploads\/2024\/07\/GREX_67_ParkhotelMargna.pdf\">Parkhotel Margna<\/a><br \/>\n<a href=\"http:\/\/www.kh-media.ch\/wordpress\/wp-content\/uploads\/2024\/08\/GREX_67_wildtiere.pdf\">PIRMINA CAMINADA &#8222;Ich kann den Wildtieren eine Stimme geben&#8220;<\/a><\/p>\n<p><strong>Graub\u00fcnden Exclusiv 2022<\/strong><br \/>\n<a href=\"http:\/\/www.kh-media.ch\/wordpress\/wp-content\/uploads\/2024\/08\/GREX_65-kunstmuseum.pdf\">Kunstmuseum Chur: Reisen ins Ungewisse<\/a><\/p>\n<p><strong>Graub\u00fcnden Exclusiv 2021<\/strong><br \/>\n<a href=\"http:\/\/www.kh-media.ch\/wordpress\/wp-content\/uploads\/2024\/08\/GREX_64-top-kosmetik.pdf\">&#8222;Tal&#8220; &#8211; Top-Kosmetik aus den B\u00fcndner Bergen<\/a><\/p>\n<p><strong>Sonntagszeitung 11. Dezember 2022<br \/>\n<\/strong><a href=\"http:\/\/www.kh-media.ch\/wordpress\/wp-content\/uploads\/2022\/12\/SoZ-12-22-Schneeschuh-flims_20221211_0_0_74.pdf\">Schneeschuhtour in der Tektonikarena<\/a><\/p>\n<p><strong>S\u00fcdostschweiz Feb. 2020<br \/>\n<\/strong><a href=\"http:\/\/www.kh-media.ch\/wordpress\/wp-content\/uploads\/2020\/02\/grex-2-20-suedostschweiz_02_2020-02-06.pdf\">30 Jahre \u201eGraub\u00fcnden Exclusiv\u201c<\/a><\/p>\n<p><strong>S\u00fcdostschweiz 3-2017<\/strong><strong><br \/>\n<\/strong><a href=\"http:\/\/www.kh-media.ch\/flyer\/SO-Frauentag-Azamit-8-3-17.pdf\"><em>Azamit: \u201eWir feiern den Frauentag auch in Eritrea\u201c<\/em><\/a><\/p>\n<p><strong>S\u00fcdostschweiz 6-2017<\/strong><strong><br \/>\n<\/strong><a href=\"http:\/\/www.kh-media.ch\/flyer\/SO-6-17-Corina-Davatz.pdf\"><em>Corina Davatz, die B\u00fcndnerin, die auszog, Z\u00fcrich zu verz\u00fccken\u201c<\/em><\/a><\/p>\n<p><strong>nzz 3-17<br \/>\n<\/strong><a href=\"http:\/\/www.kh-media.ch\/flyer\/nzz-3-17-Curling-Flims.pdf\"><em>Schnuppern in der Curling-Halle Flims<\/em><\/a><\/p>\n<p><strong>Sonntagszeitung 19\/1\/2020<br \/>\n<\/strong><a href=\"http:\/\/www.kh-media.ch\/wordpress\/wp-content\/uploads\/2020\/01\/Seite_74_SonntagsZeitung_2020-01-19.pdf\">Reisen Skandinavien<\/a><\/p>\n<p><strong>Sonntagszeitung 7 \/ 2019<br \/>\n<\/strong><a href=\"http:\/\/www.kh-media.ch\/wordpress\/wp-content\/uploads\/2019\/11\/SoZ-7-19-Finnland.pdf\">Finnische Lebensart und Naturerlebnisse<\/a><\/p>\n<p><strong>Sonntagszeitung, 12.August 2018<\/strong><strong><br \/>\n<\/strong><a href=\"http:\/\/www.kh-media.ch\/wordpress\/wp-content\/uploads\/2018\/11\/so-08-18.pdf\">Artikel \u00fcber Frietjes <\/a><\/p>\n<p><strong>Sonntagszeitung, 27. Mai 2018<\/strong><br \/>\n<a href=\"http:\/\/www.kh-media.ch\/flyer\/sonntagszeitung-27-5-18.pdf\">Artikel \u00fcber Familienhotels<\/a><\/p>\n<p><strong>Genossenschaft Fontana Passugg<\/strong><strong><br \/>\n<\/strong><a href=\"http:\/\/www.kh-media.ch\/wordpress\/wp-content\/uploads\/2018\/11\/fontana.pdf\">Jubil\u00e4umsbrosch\u00fcre 25 Jahre<\/a><\/p>\n<p><strong>nzz 3-17<br \/>\n<\/strong><a href=\"http:\/\/www.kh-media.ch\/flyer\/nzz-3-17-Curling-Flims.pdf\"><em>Schnuppern in der Curling-Halle Flims<\/em><\/a><\/p>\n<\/div>\n","protected":false},"excerpt":{"rendered":"<p>PRESSE Alle Facetten des Lebens sp\u00fcren. Eintauchen in verschiedene Welten. Spannende Stationen in meinem Leben haben viele Texte hervorgebracht. Momente, festgehalten in Worte, verarbeitet in Artikel, Reportagen, Portr\u00e4ts. Graub\u00fcnden Exclusiv 2024 Das Giger Jahr in Chur &#8211; Hans Ruedi Giger Origen &#8211; Der Weisse Turm Graub\u00fcnden Exclusiv 2023 Parkhotel Margna PIRMINA CAMINADA &#8222;Ich kann den &hellip; <a href=\"https:\/\/www.kh-media.ch\/wordpress\/presse\/\" class=\"more-link\"><span class=\"screen-reader-text\">Presse<\/span> weiterlesen<\/a><\/p>\n","protected":false},"author":1,"featured_media":140,"parent":0,"menu_order":0,"comment_status":"closed","ping_status":"closed","template":"","meta":{"jetpack_post_was_ever_published":false,"footnotes":"","_links_to":"","_links_to_target":""},"jetpack_sharing_enabled":true,"jetpack_shortlink":"https:\/\/wp.me\/PatEsH-u","_links":{"self":[{"href":"https:\/\/www.kh-media.ch\/wordpress\/wp-json\/wp\/v2\/pages\/30"}],"collection":[{"href":"https:\/\/www.kh-media.ch\/wordpress\/wp-json\/wp\/v2\/pages"}],"about":[{"href":"https:\/\/www.kh-media.ch\/wordpress\/wp-json\/wp\/v2\/types\/page"}],"author":[{"embeddable":true,"href":"https:\/\/www.kh-media.ch\/wordpress\/wp-json\/wp\/v2\/users\/1"}],"replies":[{"embeddable":true,"href":"https:\/\/www.kh-media.ch\/wordpress\/wp-json\/wp\/v2\/comments?post=30"}],"version-history":[{"count":54,"href":"https:\/\/www.kh-media.ch\/wordpress\/wp-json\/wp\/v2\/pages\/30\/revisions"}],"predecessor-version":[{"id":5292,"href":"https:\/\/www.kh-media.ch\/wordpress\/wp-json\/wp\/v2\/pages\/30\/revisions\/5292"}],"wp:featuredmedia":[{"embeddable":true,"href":"https:\/\/www.kh-media.ch\/wordpress\/wp-json\/wp\/v2\/media\/140"}],"wp:attachment":[{"href":"https:\/\/www.kh-media.ch\/wordpress\/wp-json\/wp\/v2\/media?parent=30"}],"curies":[{"name":"wp","href":"https:\/\/api.w.org\/{rel}","templated":true}]}}