{"id":38,"date":"2018-11-14T18:46:35","date_gmt":"2018-11-14T17:46:35","guid":{"rendered":"http:\/\/www.kh-media.ch\/wordpress\/?page_id=38"},"modified":"2024-08-17T15:17:22","modified_gmt":"2024-08-17T13:17:22","slug":"biografie","status":"publish","type":"page","link":"https:\/\/www.kh-media.ch\/wordpress\/biografie\/","title":{"rendered":"Biografie"},"content":{"rendered":"<p class=\"western\"><span lang=\"de-DE\" style=\"color: #993300;\"><b>BIOGRAFIE<\/b><\/span><\/p>\n<p><strong>\u00a0<\/strong><\/p>\n<p><strong>Ausbildung:<br \/>\n<\/strong>Mittelschule, kfm. Grundausbildung,<br \/>\n2 Semester Betriebswirtschaft<br \/>\nAusbildung Journalistin BR<br \/>\nAusbildung eidg. dipl. Marketingplanerin<\/p>\n<p><strong>\u00a0\u00a0\u00a0\u00a0\u00a0\u00a0\u00a0\u00a0\u00a0\u00a0\u00a0\u00a0\u00a0\u00a0\u00a0\u00a0\u00a0\u00a0\u00a0\u00a0\u00a0\u00a0\u00a0\u00a0\u00a0\u00a0\u00a0\u00a0\u00a0\u00a0\u00a0\u00a0\u00a0\u00a0\u00a0\u00a0\u00a0\u00a0\u00a0\u00a0\u00a0\u00a0\u00a0\u00a0\u00a0\u00a0\u00a0\u00a0\u00a0\u00a0\u00a0\u00a0\u00a0\u00a0\u00a0\u00a0\u00a0\u00a0 <\/strong><\/p>\n<p><strong>Weiterbildung:<br \/>\n<\/strong>Auslandaufenthalte (USA\/College), England (Sprachschule)<br \/>\nKurse\/Seminare\/Weiterbildung: Bereiche Journalismus, Kommunikation, PR, Projektmanagement, Social Media Comunity Manager SAL, Leadership Management International \/ Adlatus Schweiz<\/p>\n<p>&nbsp;<\/p>\n<p><strong>Beruflicher Werdegang:<br \/>\n<\/strong><strong>Journalistin\/Redaktorin<\/strong><\/p>\n<p>1981\/1982 Oltner Tagblatt (Ausbildung)<\/p>\n<p>1984 &#8211; 1985 Redaktionsleiterin Novitats<\/p>\n<p>1985 &#8211; 1986 Redaktionsleiterin B\u00fcndner Woche<\/p>\n<p>1987 &#8211; 1996 Redaktorin B\u00fcndner Tagblatt<\/p>\n<p>(Ressorts Tourismus\/Wirtschaft\/Region)<\/p>\n<p>&nbsp;<\/p>\n<p><strong>Oktober 1996:<br \/>\nEr\u00f6ffnung Presseb\u00fcro kh-media in Chur. <\/strong><\/p>\n<p>Schwerpunkte Journalismus (Magazine, redaktionelle Texte) + Kommunikation (\u00d6ffentlichkeits- und Medienarbeit f\u00fcr Unternehmen, NPO, Verb\u00e4nde, Institutionen, Beh\u00f6rden, KMU, Tourismus, Hotellerie\/Gastronomie etc.)<\/p>\n<p><strong>Medienpreis f\u00fcr Finanzjournalisten 2007: <\/strong>Beilage Pensionskassen im Tagesanzeiger (TA-Team\/Mitautorin)<\/p>\n<p><strong>Redaktionelle Mandate Zeitschriften: <\/strong><\/p>\n<p>Konzeption und Produktion (bis Druckvorstufe) von Kunden-, Firmen- und Verbandspublikationen sowie G\u00e4stezeitungen: \u00d6V-Magazin viadi &#8211; Reisen in Graub\u00fcnden, Graub\u00fcnden Exclusiv, gastro infos &amp; news (GastroGraub\u00fcnden), dezibel (Magazin f\u00fcr Menschen mit H\u00f6rproblemen). Wissensplatz (Hochschul-Magazin der HTW).<\/p>\n<p>Redaktionelle Mitarbeit \u2013 aktuell und abgeschlossene: Gastrojournal Schweiz, Sonntag (S\u00fcdostschweiz), Ostschweiz am Sonntag, B\u00fcndner Woche, NZZ, SonntagsZeitung; CH-Media, Berner Wanderwege, Businessmagazin gastrofacts, Der Sonntag (AZ-Medien), Berner Wanderwege, Magazin bio.logisch (Biofarm); ICD \u2013 Award 2010: Magazin; G\u00e4stemagazin Flims live \/ Laax live (2008-2011), Casa Guide, Architekturmagazin (2004-2005), Kneipp-Magazin (2001-2003), etc.<\/p>\n<p>Jubil\u00e4umsbuch Hans Christoffel, Davos. Jubil\u00e4umsbuch Graub\u00fcndner Baumeisterverband (2006), Mitarbeit. Magazin 150 Jahre Wintersport Engadin. Jubil\u00e4umszeitschrift (2006): Schweizer Verband techn. Kaufleute<\/p>\n<p>Diverse, ehemalige Mitarbeit: Liechtensteiner Vaterland, 2011-2007 (Wirtschaft regional), Cash, 2000-2006, Churer Magazin: in den 90er Jahren bis Mitte 2005), B\u00fcndner Anzeiger (2006-2008).<\/p>\n<p><em>Diverse Kundenmandate Medien-\/PR-\/\u00d6ffentlichkeitsarbeit<\/em><\/p>\n<p><strong>Verbandst\u00e4tigkeiten:<br \/>\n<\/strong>Stiftungsr\u00e4tin F\u00fcrsorgekommission Journalistenverband Impressum (2009-2021)<br \/>\nSkal Schweiz, Vorstandsmitglied Skal de Grison bis 2024 (die GV beschloss Aufl\u00f6sung des Clubs, Region Chur).<\/p>\n<p><strong>Abgeschlossen:<br \/>\n<\/strong>Co-Pr\u00e4sidentin der Arbeitsgemeinschaft der freien Berufsjournalistinnen und Berufsjournalisten Impressum (2000-2008)<\/p>\n<p><strong>Netzwerke:<br \/>\n<\/strong>\u00a0&#8211;\u00a0\u00a0\u00a0\u00a0 \u00a0\u00a0Impressum \u2013 Journalistenverband Schweiz<\/p>\n<p>&#8211;\u00a0\u00a0\u00a0\u00a0 \u00a0\u00a0STW \u2013 Swiss Travelwriters STW, Z\u00fcrich \/ Swisstravelcommunicators<\/p>\n<p>&#8211; \u00a0\u00a0\u00a0\u00a0\u00a0\u00a0Mitglied BPW (Business- and Professional Women)<\/p>\n<ul>\n<li>Ostschweizer Wirtschaftsfrauen<\/li>\n<li>Vereinigung Bahnjournalisten Schweiz<\/li>\n<li>NPO Fachzentrum \u2013 das NPO Fachzentrum wurde im Juli 2009 von 8 Firmen, gegr\u00fcndet (Gr\u00fcndungsmitglied und Partner kh-media); <a href=\"http:\/\/www.npo-fachzentrum.ch\/\">npo-fachzentrum.ch<\/a><\/li>\n<li>Sk\u00e5l Club Graub\u00fcnden\/Schweiz\/International \u2013 Sk\u00e5l ist die einzige internationale Organisation, in der alle Zweige der Reise- und Tourismusindustrie durch ihre Kaderleute auf allen F\u00fchrungsstufen vertreten sind \u2013 <a href=\"http:\/\/www.skalswiss.org\/\">skalswiss.org<\/a>;<\/li>\n<li>Social Media: Xing \/ LinkedIn, Twitter, facebook<\/li>\n<\/ul>\n<p>&nbsp;<\/p>\n<p><strong>Anschrift:<br \/>\n<\/strong>Karin Huber<br \/>\nPresseb\u00fcro kh-media<br \/>\nSpl\u00fcgenstr. 10<br \/>\nCH-7000 Chur<\/p>\n<p>Fon +41 81 353 85 85<br \/>\nMobile: +41 79 638 85 85<br \/>\nE-mail: <a href=\"mailto:info@kh-media.ch\">info@kh-media.ch<\/a><br \/>\n<a href=\"http:\/\/www.kh-media.ch\">www.kh-media.ch<\/a><\/p>\n<p>&nbsp;<\/p>\n","protected":false},"excerpt":{"rendered":"<p>BIOGRAFIE \u00a0 Ausbildung: Mittelschule, kfm. Grundausbildung, 2 Semester Betriebswirtschaft Ausbildung Journalistin BR Ausbildung eidg. dipl. Marketingplanerin \u00a0\u00a0\u00a0\u00a0\u00a0\u00a0\u00a0\u00a0\u00a0\u00a0\u00a0\u00a0\u00a0\u00a0\u00a0\u00a0\u00a0\u00a0\u00a0\u00a0\u00a0\u00a0\u00a0\u00a0\u00a0\u00a0\u00a0\u00a0\u00a0\u00a0\u00a0\u00a0\u00a0\u00a0\u00a0\u00a0\u00a0\u00a0\u00a0\u00a0\u00a0\u00a0\u00a0\u00a0\u00a0\u00a0\u00a0\u00a0\u00a0\u00a0\u00a0\u00a0\u00a0\u00a0\u00a0\u00a0\u00a0\u00a0 Weiterbildung: Auslandaufenthalte (USA\/College), England (Sprachschule) Kurse\/Seminare\/Weiterbildung: Bereiche Journalismus, Kommunikation, PR, Projektmanagement, Social Media Comunity Manager SAL, Leadership Management International \/ Adlatus Schweiz &nbsp; Beruflicher Werdegang: Journalistin\/Redaktorin 1981\/1982 Oltner Tagblatt (Ausbildung) 1984 &#8211; 1985 Redaktionsleiterin Novitats 1985 &#8211; 1986 &hellip; <a href=\"https:\/\/www.kh-media.ch\/wordpress\/biografie\/\" class=\"more-link\"><span class=\"screen-reader-text\">Biografie<\/span> weiterlesen<\/a><\/p>\n","protected":false},"author":1,"featured_media":136,"parent":0,"menu_order":0,"comment_status":"closed","ping_status":"closed","template":"","meta":{"jetpack_post_was_ever_published":false,"footnotes":"","_links_to":"","_links_to_target":""},"jetpack_sharing_enabled":true,"jetpack_shortlink":"https:\/\/wp.me\/PatEsH-C","_links":{"self":[{"href":"https:\/\/www.kh-media.ch\/wordpress\/wp-json\/wp\/v2\/pages\/38"}],"collection":[{"href":"https:\/\/www.kh-media.ch\/wordpress\/wp-json\/wp\/v2\/pages"}],"about":[{"href":"https:\/\/www.kh-media.ch\/wordpress\/wp-json\/wp\/v2\/types\/page"}],"author":[{"embeddable":true,"href":"https:\/\/www.kh-media.ch\/wordpress\/wp-json\/wp\/v2\/users\/1"}],"replies":[{"embeddable":true,"href":"https:\/\/www.kh-media.ch\/wordpress\/wp-json\/wp\/v2\/comments?post=38"}],"version-history":[{"count":13,"href":"https:\/\/www.kh-media.ch\/wordpress\/wp-json\/wp\/v2\/pages\/38\/revisions"}],"predecessor-version":[{"id":5262,"href":"https:\/\/www.kh-media.ch\/wordpress\/wp-json\/wp\/v2\/pages\/38\/revisions\/5262"}],"wp:featuredmedia":[{"embeddable":true,"href":"https:\/\/www.kh-media.ch\/wordpress\/wp-json\/wp\/v2\/media\/136"}],"wp:attachment":[{"href":"https:\/\/www.kh-media.ch\/wordpress\/wp-json\/wp\/v2\/media?parent=38"}],"curies":[{"name":"wp","href":"https:\/\/api.w.org\/{rel}","templated":true}]}}

<p class="western"><span lang="de-DE" style="color: #993300;"><b>BIOGRAFIE</b></span></p>
<p><strong> </strong></p>
<p><strong>Ausbildung:<br />
</strong>Mittelschule, kfm. Grundausbildung,<br />
2 Semester Betriebswirtschaft<br />
Ausbildung Journalistin BR<br />
Ausbildung eidg. dipl. Marketingplanerin</p>
<p><strong>                                                           </strong></p>
<p><strong>Weiterbildung:<br />
</strong>Auslandaufenthalte (USA/College), England (Sprachschule)<br />
Kurse/Seminare/Weiterbildung: Bereiche Journalismus, Kommunikation, PR, Projektmanagement, Social Media Comunity Manager SAL, Leadership Management International / Adlatus Schweiz</p>
<p>&nbsp;</p>
<p><strong>Beruflicher Werdegang:<br />
</strong><strong>Journalistin/Redaktorin</strong></p>
<p>1981/1982 Oltner Tagblatt (Ausbildung)</p>
<p>1984 &#8211; 1985 Redaktionsleiterin Novitats</p>
<p>1985 &#8211; 1986 Redaktionsleiterin Bündner Woche</p>
<p>1987 &#8211; 1996 Redaktorin Bündner Tagblatt</p>
<p>(Ressorts Tourismus/Wirtschaft/Region)</p>
<p>&nbsp;</p>
<p><strong>Oktober 1996:<br />
Eröffnung Pressebüro kh-media in Chur. </strong></p>
<p>Schwerpunkte Journalismus (Magazine, redaktionelle Texte) + Kommunikation (Öffentlichkeits- und Medienarbeit für Unternehmen, NPO, Verbände, Institutionen, Behörden, KMU, Tourismus, Hotellerie/Gastronomie etc.)</p>
<p><strong>Medienpreis für Finanzjournalisten 2007: </strong>Beilage Pensionskassen im Tagesanzeiger (TA-Team/Mitautorin)</p>
<p><strong>Redaktionelle Mandate Zeitschriften: </strong></p>
<p>Konzeption und Produktion (bis Druckvorstufe) von Kunden-, Firmen- und Verbandspublikationen sowie Gästezeitungen: ÖV-Magazin viadi &#8211; Reisen in Graubünden, Graubünden Exclusiv, gastro infos &amp; news (GastroGraubünden), dezibel (Magazin für Menschen mit Hörproblemen). Wissensplatz (Hochschul-Magazin der HTW).</p>
<p>Redaktionelle Mitarbeit – aktuell und abgeschlossene: Gastrojournal Schweiz, Sonntag (Südostschweiz), Ostschweiz am Sonntag, Bündner Woche, NZZ, SonntagsZeitung; CH-Media, Berner Wanderwege, Businessmagazin gastrofacts, Der Sonntag (AZ-Medien), Berner Wanderwege, Magazin bio.logisch (Biofarm); ICD – Award 2010: Magazin; Gästemagazin Flims live / Laax live (2008-2011), Casa Guide, Architekturmagazin (2004-2005), Kneipp-Magazin (2001-2003), etc.</p>
<p>Jubiläumsbuch Hans Christoffel, Davos. Jubiläumsbuch Graubündner Baumeisterverband (2006), Mitarbeit. Magazin 150 Jahre Wintersport Engadin. Jubiläumszeitschrift (2006): Schweizer Verband techn. Kaufleute</p>
<p>Diverse, ehemalige Mitarbeit: Liechtensteiner Vaterland, 2011-2007 (Wirtschaft regional), Cash, 2000-2006, Churer Magazin: in den 90er Jahren bis Mitte 2005), Bündner Anzeiger (2006-2008).</p>
<p><em>Diverse Kundenmandate Medien-/PR-/Öffentlichkeitsarbeit</em></p>
<p><strong>Verbandstätigkeiten:<br />
</strong>Stiftungsrätin Fürsorgekommission Journalistenverband Impressum (2009-2021)<br />
Skal Schweiz, Vorstandsmitglied Skal de Grison bis 2024 (die GV beschloss Auflösung des Clubs, Region Chur).</p>
<p><strong>Abgeschlossen:<br />
</strong>Co-Präsidentin der Arbeitsgemeinschaft der freien Berufsjournalistinnen und Berufsjournalisten Impressum (2000-2008)</p>
<p><strong>Netzwerke:<br />
</strong> &#8211;       Impressum – Journalistenverband Schweiz</p>
<p>&#8211;       STW – Swiss Travelwriters STW, Zürich / Swisstravelcommunicators</p>
<p>&#8211;       Mitglied BPW (Business- and Professional Women)</p>
<ul>
<li>Ostschweizer Wirtschaftsfrauen</li>
<li>Vereinigung Bahnjournalisten Schweiz</li>
<li>NPO Fachzentrum – das NPO Fachzentrum wurde im Juli 2009 von 8 Firmen, gegründet (Gründungsmitglied und Partner kh-media); <a href="http://www.npo-fachzentrum.ch/">npo-fachzentrum.ch</a></li>
<li>Skål Club Graubünden/Schweiz/International – Skål ist die einzige internationale Organisation, in der alle Zweige der Reise- und Tourismusindustrie durch ihre Kaderleute auf allen Führungsstufen vertreten sind – <a href="http://www.skalswiss.org/">skalswiss.org</a>;</li>
<li>Social Media: Xing / LinkedIn, Twitter, facebook</li>
</ul>
<p>&nbsp;</p>
<p><strong>Anschrift:<br />
</strong>Karin Huber<br />
Pressebüro kh-media<br />
Splügenstr. 10<br />
CH-7000 Chur</p>
<p>Fon +41 81 353 85 85<br />
Mobile: +41 79 638 85 85<br />
E-mail: <a href="mailto:info@kh-media.ch">info@kh-media.ch</a><br />
<a href="http://www.kh-media.ch">www.kh-media.ch</a></p>
<p>&nbsp;</p>
