{"id":40,"date":"2018-11-14T18:46:57","date_gmt":"2018-11-14T17:46:57","guid":{"rendered":"http:\/\/www.kh-media.ch\/wordpress\/?page_id=40"},"modified":"2022-03-18T15:19:22","modified_gmt":"2022-03-18T14:19:22","slug":"netzwerk-partner","status":"publish","type":"page","link":"https:\/\/www.kh-media.ch\/wordpress\/netzwerk-partner\/","title":{"rendered":"Netzwerk \/ Partner"},"content":{"rendered":"<div id=\"wb_Text3\"><span style=\"color: #8c3300;\"><strong>NETZWERK \/ PARTNER<\/strong><\/span><\/div>\n<div id=\"wb_Text2\">\n<p><span style=\"color: #8c3300;\"><strong>Netzwerke und Teamwork mit Grafikern,<br \/>\nMarketing-, Beratungs- und Werbeb\u00fcros,<br \/>\nFotografen:\u00a0<\/strong><\/span><\/p>\n<p><span class=\"style-grau\">U.a. mit: Cabalzar Marketing, Chur,\u00a0<a href=\"http:\/\/www.cabalzar.ch\/\" target=\"_blank\" rel=\"noopener noreferrer\">www.cabalzar.ch<\/a><br \/>\nGrafik: Mike Wielath, \u00e4xplosiv kommunikation, 7000 Chur;\u00a0<a href=\"http:\/\/www.aexplosiv.ch\/\" target=\"_blank\" rel=\"noopener noreferrer\">www.aexplosiv.ch\u00a0<\/a><br \/>\nAlbi Brun Kommunikation, Jochstrasse 1, 7000 Chur,<br \/>\nSusi Haas, Fotografin, Schellenbergstrasse 27, 7000 Chur;<br \/>\nPatrick L\u00fcthy, Stationsstrasse 33, Olten,\u00a0<a href=\"http:\/\/www.imagopress.ch\/\" target=\"_blank\" rel=\"noopener noreferrer\">www.imagopress.ch\u00a0<\/a><br \/>\nMarkenkern AG, Chur <a href=\"http:\/\/www.markenkern.ch\">www.markenkern.ch<\/a><\/span><\/p>\n<p><strong><span style=\"color: #8c3300;\">Partner \u00f6ffentlicher Verkehr:<\/span><br \/>\n<\/strong><span class=\"style-grau\">Rh\u00e4tische Bahn RhB,<br \/>\nPostAuto Graub\u00fcnden,<br \/>\nStadtbus Chur,<br \/>\nEngadin Bus,<br \/>\nVBD,<br \/>\nMatterhorn Gotthard Bahn,<br \/>\nSBB,<br \/>\nAmt f\u00fcr Energie und Verkehr.<br \/>\n<\/span><br \/>\n<span style=\"color: #8c3300;\"><strong>BPW &#8211; Business and Professional<br \/>\nWomen<\/strong><\/span><br \/>\n<span class=\"style-grau\">BPW ist schweiz- und weltweit der bedeutendste Verband berufst\u00e4tiger Frauen in verantwortungsvollen Positionen.<br \/>\n<a href=\"http:\/\/www.bpw.ch\/\" target=\"_blank\" rel=\"noopener noreferrer\">www.bpw.ch<\/a><br \/>\n<\/span><br \/>\n<span style=\"color: #8c3300;\"><strong>Sk\u00e5l Club Graub\u00fcnden\/Schweiz\/<br \/>\nInternational<\/strong><\/span><br \/>\n<span class=\"style-grau\">Sk\u00e5l ist die einzige internationale Organisation, in der alle Zweige der Reise- und Tourismusindustrie vom Reiseb\u00fcro \u00fcber Bahnen und Fluggesellschaften bis zu den Hotels durch ihre Kaderleute auf allen F\u00fchrungsstufen vertreten sind.<br \/>\n<a target=\"_self\" rel=\"noopener noreferrer\">www.skalswiss.org<br \/>\n<\/a><\/span><br \/>\n<span style=\"color: #8c3300;\"><strong>\u00a0Swiss Travel Communicators<\/strong><\/span><br \/>\n<span class=\"style-grau\">Die f\u00fchrende Schweizer Plattform f\u00fcr Reisejournalismus und Medienarbeit im Tourismus. Der STW bietet allen in der Schweiz am Tourismusgesch\u00e4ft teilnehmenden Partnern &#8211; incoming und outgoing &#8211; eine zeitgem\u00e4sse Serviceorganisation und Kommunikationsplattform. Der STW weist seine Mitglieder als anerkannte Journalist\/innen, Fotograf\/innen, Redaktor\/innen und Schriftsteller\/innen aus, die sich f\u00fcr den Tourismus interessieren, selber reisen und dar\u00fcber in \u00f6ffentlich zug\u00e4nglichen Formen berichten.<br \/>\n<a href=\"http:\/\/www.swisstravelcommunicators.ch\">www.awisstravelcommunicators.ch<\/a><\/span><\/p>\n<p><strong><span style=\"color: #8c3300;\">Bahnjournalisten Schweiz<\/span>\u00a0<\/strong><span class=\"style-grau\"><br \/>\n<a href=\"http:\/\/www.bahn-journalisten.ch\/\" target=\"_blank\" rel=\"noopener noreferrer\">www.bahn-journalisten.ch<\/a><\/span><\/p>\n<p><span style=\"color: #8c3300;\"><strong>impressum<br \/>\ndie Schweizer JournalistInnen<\/strong><\/span><span class=\"style-grau\"><br \/>\nimpressum ist der gr\u00f6sste Berufsverband von Medienschaffenden der Schweiz und des F\u00fcrstentums Liechtenstein. Mehr als 5500 schreibende, fotografierende, filmende, karikierende oder moderierende Journalistinnen und Journalisten sind Mitglieder von impressum.<br \/>\n<a href=\"http:\/\/www.impressum.ch\/\" target=\"_blank\" rel=\"noopener noreferrer\">www.impressum.ch<\/a><\/span><\/p>\n<p>LinkedIn:\u00a0<a href=\"http:\/\/www.linkedin.com\/\" target=\"_blank\" rel=\"noopener noreferrer\">www.linkedin.com<\/a><br \/>\nXing: Globales Networking f\u00fcr Gesch\u00e4ftsleute &#8211;\u00a0<a href=\"http:\/\/www.xing.com\/\" target=\"_blank\" rel=\"noopener noreferrer\">www.xing.com<\/a><\/p>\n<\/div>\n","protected":false},"excerpt":{"rendered":"<p>NETZWERK \/ PARTNER Netzwerke und Teamwork mit Grafikern, Marketing-, Beratungs- und Werbeb\u00fcros, Fotografen:\u00a0 U.a. mit: Cabalzar Marketing, Chur,\u00a0www.cabalzar.ch Grafik: Mike Wielath, \u00e4xplosiv kommunikation, 7000 Chur;\u00a0www.aexplosiv.ch\u00a0 Albi Brun Kommunikation, Jochstrasse 1, 7000 Chur, Susi Haas, Fotografin, Schellenbergstrasse 27, 7000 Chur; Patrick L\u00fcthy, Stationsstrasse 33, Olten,\u00a0www.imagopress.ch\u00a0 Markenkern AG, Chur www.markenkern.ch Partner \u00f6ffentlicher Verkehr: Rh\u00e4tische Bahn RhB, PostAuto &hellip; <a href=\"https:\/\/www.kh-media.ch\/wordpress\/netzwerk-partner\/\" class=\"more-link\"><span class=\"screen-reader-text\">Netzwerk \/ Partner<\/span> weiterlesen<\/a><\/p>\n","protected":false},"author":1,"featured_media":142,"parent":0,"menu_order":0,"comment_status":"closed","ping_status":"closed","template":"","meta":{"jetpack_post_was_ever_published":false,"footnotes":"","_links_to":"","_links_to_target":""},"jetpack_sharing_enabled":true,"jetpack_shortlink":"https:\/\/wp.me\/PatEsH-E","_links":{"self":[{"href":"https:\/\/www.kh-media.ch\/wordpress\/wp-json\/wp\/v2\/pages\/40"}],"collection":[{"href":"https:\/\/www.kh-media.ch\/wordpress\/wp-json\/wp\/v2\/pages"}],"about":[{"href":"https:\/\/www.kh-media.ch\/wordpress\/wp-json\/wp\/v2\/types\/page"}],"author":[{"embeddable":true,"href":"https:\/\/www.kh-media.ch\/wordpress\/wp-json\/wp\/v2\/users\/1"}],"replies":[{"embeddable":true,"href":"https:\/\/www.kh-media.ch\/wordpress\/wp-json\/wp\/v2\/comments?post=40"}],"version-history":[{"count":12,"href":"https:\/\/www.kh-media.ch\/wordpress\/wp-json\/wp\/v2\/pages\/40\/revisions"}],"predecessor-version":[{"id":5153,"href":"https:\/\/www.kh-media.ch\/wordpress\/wp-json\/wp\/v2\/pages\/40\/revisions\/5153"}],"wp:featuredmedia":[{"embeddable":true,"href":"https:\/\/www.kh-media.ch\/wordpress\/wp-json\/wp\/v2\/media\/142"}],"wp:attachment":[{"href":"https:\/\/www.kh-media.ch\/wordpress\/wp-json\/wp\/v2\/media?parent=40"}],"curies":[{"name":"wp","href":"https:\/\/api.w.org\/{rel}","templated":true}]}}