{"id":5117,"date":"2022-02-22T18:48:08","date_gmt":"2022-02-22T17:48:08","guid":{"rendered":"http:\/\/www.kh-media.ch\/wordpress\/?page_id=5117"},"modified":"2024-07-01T14:32:18","modified_gmt":"2024-07-01T12:32:18","slug":"graubuenden-exclusiv","status":"publish","type":"page","link":"https:\/\/www.kh-media.ch\/wordpress\/graubuenden-exclusiv\/","title":{"rendered":"Graub\u00fcnden Exclusiv"},"content":{"rendered":"<p><img loading=\"lazy\" decoding=\"async\" class=\"alignnone size-medium wp-image-5158 aligncenter\" src=\"http:\/\/www.kh-media.ch\/wordpress\/wp-content\/uploads\/2022\/06\/grex-1-2022-225x300.jpg\" alt=\"\" width=\"225\" height=\"300\" srcset=\"https:\/\/www.kh-media.ch\/wordpress\/wp-content\/uploads\/2022\/06\/grex-1-2022-225x300.jpg 225w, https:\/\/www.kh-media.ch\/wordpress\/wp-content\/uploads\/2022\/06\/grex-1-2022-768x1024.jpg 768w, https:\/\/www.kh-media.ch\/wordpress\/wp-content\/uploads\/2022\/06\/grex-1-2022-1152x1536.jpg 1152w, https:\/\/www.kh-media.ch\/wordpress\/wp-content\/uploads\/2022\/06\/grex-1-2022.jpg 1275w\" sizes=\"(max-width: 225px) 100vw, 225px\" \/><\/p>\n<p>&nbsp;<\/p>\n<p><span style=\"color: #993366;\"><strong><span style=\"font-size: 18pt;\">DIE VIELFALT GRAUB\u00dcNDENS IM GRAUB\u00dcNDEN EXCLUSIV<\/span><\/strong><\/span><\/p>\n<p>Liebe Leserin, lieber Leser<\/p>\n<p>\u00abGraub\u00fcnden Exclusiv\u00bb pr\u00e4sentiert Ihnen eine Viel\u00adfalt an B\u00fcndner Exklusivit\u00e4ten und Angeboten. So laden wir Sie gerne ein zu einer kulinarischen Reise in den RhB-Gourmino-Speisewagen. Sie werden es ge\u00adniessen. Kulinarisch auf hohem Niveau geht es weiter nach Savognin. Im sanft renovierten Hotel Piz Mitgel verw\u00f6hnt der K\u00fcchenchef die G\u00e4ste. Im etwas h\u00f6her gelegenen Berghuus Radons kocht sich Spitzenkoch Fadri Arpagaus in die Herzen respektive B\u00e4uche der G\u00e4ste.<\/p>\n<p>Nat\u00fcrlich gibt es auch im Pr\u00e4ttigauer Bergdorf Seewis Feines aus K\u00fcche und Keller. Aber nicht nur: In der Rehaklinik Seewis finden Patientinnen und Patienten nach Herzoperationen und psychosomatischen Er\u00adkrankungen hervorragende \u00e4rztliche und therapeuti\u00adsche Betreuung.<\/p>\n<p>Musikalisch voll auf Ihre Kosten werden Sie am Klas\u00adsikfestival Klosters Musik kommen. Das Programm: Nat\u00fcrlich auf hohem Niveau. Ans Herz legen m\u00f6ch\u00adten wir Ihnen gerne auch den Besuch im B\u00fcndner Kunstmuseum in Chur. Wir haben f\u00fcr Sie in dieser Ausgabe notiert, was es so alles braucht, bis \u00fcberhaupt eine Ausstellung er\u00f6ffnet werden kann. Sie werden staunen. Staunen werden Sie zudem \u00fcber die am 27. August beginnende Ausstellung \u00abVenedigsche Sterne\u00bb mit Stickereien als Kunstobjekte. Hochspan\u00adnend! Schon zuvor, ab 18. Juni, zeigt das B\u00fcndner Kunstmuseum aus seiner Sammlung Werke zum The\u00adma \u00abSkulptur\u00bb \u2013 auch das eine Schau, die es lohnt gesehen zu werden.<\/p>\n<p>Ein Kunstprojekt der besonderen Art wird in Ilanz realisiert. Es geht um Steine! Aber nicht nur \u2026 Lesen Sie doch unseren Beitrag dazu.<\/p>\n<p>Das 4-Sterne-Superior-Hotel Cresta Palace in Celeri\u00adna hat eine lange Geschichte. Mit dem Umbau dieses Traditionshauses beginnt nun eine neue \u00c4ra. Das Jugendstilhaus wird noch viel sch\u00f6ner und hat G\u00e4sten sehr viel zu bieten.<\/p>\n<p>Die Nobilis Estate AG ist ein besonderes Immobilien\u00adunternehmen. David Hauptmann und sein Team ha\u00adben Liegenschaften im Portfolio, die in vielfacher Hinsicht ganz besonders sind. Zu einer sch\u00f6nen Lie\u00adgenschaft geh\u00f6ren eigentlich doch ebenfalls sch\u00f6ne M\u00f6bel. Designer M\u00f6bel auf h\u00f6chstem Niveau und innenarchitektonische Entw\u00fcrfe bietet M\u00f6bel Th\u00f6ny in Liechtenstein an. Erste Einblicke dazu gibt es auf den n\u00e4chsten Seiten. Bei Amag in Chur findet man ausserdem attraktive Elektro-Autos von Audi. Die e-tron-Modelle lassen kaum einen Wunsch offen.<\/p>\n<p>Und zu guter Letzt: Ich bedanke mich bei allen \u00abGraub\u00fcnden Exclusiv\u00bb-Lesenden, Abonnenten\/-innen, Kundinnen und Kunden, bei allen Inserieren\u00adden und nat\u00fcrlich auch allen Korrespondenten\/-in\u00adnen und stillen Helfenden, die im Hintergrund immer mitwirkten, um Ihnen ein attraktives Magazin in die H\u00e4nde legen zu k\u00f6nnen. Ein ganz besonderes Dankesch\u00f6n geh\u00f6rt hier unserer Layouterin Noemi B\u00fchler, die das Magazin \u00abGraub\u00fcnden Exclusiv\u00bb im\u00admer so wunderbar gestaltet!<\/p>\n<p>Die Redaktion des \u00abGraub\u00fcnden Exclusiv\u00bb wird nun von Domenica Fl\u00fctsch betreut. Sie wird Ihnen k\u00fcnf\u00adtig die Besonderheiten Graub\u00fcndens und exklusiven Angebote pr\u00e4sentieren.<\/p>\n<p>&nbsp;<\/p>\n<p><img loading=\"lazy\" decoding=\"async\" class=\"alignnone wp-image-5122\" src=\"http:\/\/www.kh-media.ch\/wordpress\/wp-content\/uploads\/2022\/02\/karin-u-k.jpg\" alt=\"\" width=\"120\" height=\"78\" \/><\/p>\n<p><em>Karin Huber<\/em><\/p>\n<p><em>Redaktionsleiterin \u00abGraub\u00fcnden Exclusiv\u00bb <\/em><\/p>\n<p>Das Magazin kann unter www.exclusiv.ch bestellt werden.<\/p>\n<p>Beitrag Sommer 2024<\/p>\n<ul>\n<li><a href=\"http:\/\/www.kh-media.ch\/wordpress\/wp-content\/uploads\/2024\/07\/GREX_69_HRGiger.pdf\">Giger Jahr<\/a><\/li>\n<li><a href=\"http:\/\/www.kh-media.ch\/wordpress\/wp-content\/uploads\/2024\/07\/GREX_69_WeisserTurm.pdf\">Der Weisse Turm<\/a><\/li>\n<\/ul>\n<p>&nbsp;<\/p>\n","protected":false},"excerpt":{"rendered":"<p>&nbsp; DIE VIELFALT GRAUB\u00dcNDENS IM GRAUB\u00dcNDEN EXCLUSIV Liebe Leserin, lieber Leser \u00abGraub\u00fcnden Exclusiv\u00bb pr\u00e4sentiert Ihnen eine Viel\u00adfalt an B\u00fcndner Exklusivit\u00e4ten und Angeboten. So laden wir Sie gerne ein zu einer kulinarischen Reise in den RhB-Gourmino-Speisewagen. Sie werden es ge\u00adniessen. Kulinarisch auf hohem Niveau geht es weiter nach Savognin. Im sanft renovierten Hotel Piz Mitgel verw\u00f6hnt &hellip; <a href=\"https:\/\/www.kh-media.ch\/wordpress\/graubuenden-exclusiv\/\" class=\"more-link\"><span class=\"screen-reader-text\">Graub\u00fcnden Exclusiv<\/span> weiterlesen<\/a><\/p>\n","protected":false},"author":1,"featured_media":0,"parent":0,"menu_order":0,"comment_status":"closed","ping_status":"closed","template":"","meta":{"jetpack_post_was_ever_published":false,"footnotes":"","_links_to":"","_links_to_target":""},"jetpack_sharing_enabled":true,"jetpack_shortlink":"https:\/\/wp.me\/PatEsH-1kx","_links":{"self":[{"href":"https:\/\/www.kh-media.ch\/wordpress\/wp-json\/wp\/v2\/pages\/5117"}],"collection":[{"href":"https:\/\/www.kh-media.ch\/wordpress\/wp-json\/wp\/v2\/pages"}],"about":[{"href":"https:\/\/www.kh-media.ch\/wordpress\/wp-json\/wp\/v2\/types\/page"}],"author":[{"embeddable":true,"href":"https:\/\/www.kh-media.ch\/wordpress\/wp-json\/wp\/v2\/users\/1"}],"replies":[{"embeddable":true,"href":"https:\/\/www.kh-media.ch\/wordpress\/wp-json\/wp\/v2\/comments?post=5117"}],"version-history":[{"count":8,"href":"https:\/\/www.kh-media.ch\/wordpress\/wp-json\/wp\/v2\/pages\/5117\/revisions"}],"predecessor-version":[{"id":5222,"href":"https:\/\/www.kh-media.ch\/wordpress\/wp-json\/wp\/v2\/pages\/5117\/revisions\/5222"}],"wp:attachment":[{"href":"https:\/\/www.kh-media.ch\/wordpress\/wp-json\/wp\/v2\/media?parent=5117"}],"curies":[{"name":"wp","href":"https:\/\/api.w.org\/{rel}","templated":true}]}}